{"id":157,"date":"2012-03-29T15:46:08","date_gmt":"2012-03-29T14:46:08","guid":{"rendered":"http:\/\/www.glitza.eu\/?page_id=157"},"modified":"2019-09-04T10:48:52","modified_gmt":"2019-09-04T09:48:52","slug":"kontakt-2","status":"publish","type":"page","link":"https:\/\/www.mtveddesse.de\/?page_id=157","title":{"rendered":"Kontakt"},"content":{"rendered":"<p>(K\u00fcndigungen bitte nicht \u00fcber dieses Kontaktformular sondern in Papierform oder per Mail mit eigenh\u00e4ndiger Unterschrift)<\/p>\n<p>&nbsp;<\/p>\n<p><div class=\"simpleContact\">\r\n\t<form id=\"sc-form\" action=\"\" method=\"post\">\r\n\t\t<table class=\"sc-form-table\">\r\n\t\t\t<tr>\r\n\t\t\t\t<td class=\"sc-col-title\">\r\n\t\t\t\t\t<label for=\"sc-username\">Benutzername<\/label>\r\n\t\t\t\t<\/td>\r\n\t\t\t\t<td class=\"sc-col-value\">\r\n\t\t\t\t\t\t\t\t\t\t\t<input type=\"text\" name=\"simple_contact[username]\" id=\"sc-username\" value=\"\" \/>\r\n\t\t\t\t\t\t\t\t\t\t\t\t\t\t<\/td>\r\n\t\t\t<\/tr>\r\n\t\t\t<tr>\r\n\t\t\t\t<td class=\"sc-col-title\">\r\n\t\t\t\t\t<label for=\"sc-email\">E-Mail Adresse<\/label>\r\n\t\t\t\t<\/td>\r\n\t\t\t\t<td class=\"sc-col-value\">\r\n\t\t\t\t\t\t\t\t\t\t\t<input type=\"text\" name=\"simple_contact[email]\" id=\"sc-email\" value=\"\" \/>\r\n\t\t\t\t\t\t\t\t\t\t\t\t\t\t<\/td>\r\n\t\t\t<\/tr>\r\n\t\t\t<tr>\r\n\t\t\t\t<td class=\"sc-col-title\">\r\n\t\t\t\t\t<label for=\"sc-subject\">Betreff<\/label>\r\n\t\t\t\t<\/td>\r\n\t\t\t\t<td class=\"sc-col-value\">\r\n\t\t\t\t\t\t\t\t\t\t\t<select name=\"simple_contact[subject]\" id=\"sc-subject\">\r\n\t\t\t\t\t\t\t<option value=\"0\">--- Bitte w&auml;hlen ---<\/option>\r\n\t\t\t\t\t\t\t\t\t\t\t\t\t<\/select>\r\n\t\t\t\t\t\t\t\t\t\t\t\t\t\t<\/td>\r\n\t\t\t<\/tr>\r\n\t\t\t<tr>\r\n\t\t\t\t<td class=\"sc-col-title\">\r\n\t\t\t\t\t<label for=\"sc-message\">Nachricht<\/label>\r\n\t\t\t\t<\/td>\r\n\t\t\t\t<td class=\"sc-col-value\">\r\n\t\t\t\t\t<textarea name=\"simple_contact[message]\" id=\"sc-message\" rows=\"5\" cols=\"25\"><\/textarea>\r\n\t\t\t\t\t <\/div>\t\t\t\t<\/td>\r\n\t\t\t<\/tr>\r\n\t\t\t\t\t\t\t<tr>\r\n\t\t\t\t\t<td class=\"sc-col-title\">\r\n\t\t\t\t\t\t<label for=\"sc-code\">Code eingeben<\/label>\r\n\t\t\t\t\t<\/td>\r\n\t\t\t\t\t<td class=\"sc-col-value\">\r\n\t\t\t\t\t\t<script src=\"https:\/\/www.mtveddesse.de\/wp-content\/plugins\/simplecontact\/js\/captcha.js\" type=\"text\/javascript\"><\/script>\r\n\t\t\t\t\t\t<img loading=\"lazy\" decoding=\"async\" src=\"https:\/\/www.mtveddesse.de\/wp-content\/plugins\/simplecontact\/captcha.php?code=17771275453639\" id=\"sc-captcha\" onclick=\"reloadCaptcha('sc-captcha', 'sc-captcha-id', 'https:\/\/www.mtveddesse.de\/wp-content\/plugins\/simplecontact\/captcha.php'); return false;\" alt=\"Code eingeben\" width=\"120\" height=\"40\" \/><br \/>\r\n\t\t\t\t\t\t<input type=\"hidden\" name=\"simple_contact[captcha_id]\" id=\"sc-captcha-id\" value=\"17771275453639\" \/>\r\n\t\t\t\t\t\t<input type=\"text\" name=\"simple_contact[code]\" id=\"sc-code\" value=\"\" \/>\r\n\t\t\t\t\t\t\t\t\t\t\t<\/td>\r\n\t\t\t\t<\/tr>\r\n\t\t\t\t\t\t<tr>\r\n\t\t\t\t<td class=\"sc-col-title\">&nbsp;<\/td>\r\n\t\t\t\t<td class=\"sc-col-value\">\r\n\t\t\t\t\t<input type=\"submit\" name=\"simple_contact[submit]\" value=\" Nachricht absenden \" \/>\r\n\t\t\t\t<\/td>\r\n\t\t\t<\/tr>\r\n\t\t<\/table>\r\n\t<\/form>\r\n<\/div><\/p>\n","protected":false},"excerpt":{"rendered":"<p>(K\u00fcndigungen bitte nicht \u00fcber dieses Kontaktformular sondern in Papierform oder per Mail mit eigenh\u00e4ndiger Unterschrift) &nbsp;<\/p>\n","protected":false},"author":1,"featured_media":0,"parent":0,"menu_order":6,"comment_status":"closed","ping_status":"closed","template":"","meta":{"footnotes":""},"class_list":["post-157","page","type-page","status-publish","hentry"],"_links":{"self":[{"href":"https:\/\/www.mtveddesse.de\/index.php?rest_route=\/wp\/v2\/pages\/157","targetHints":{"allow":["GET"]}}],"collection":[{"href":"https:\/\/www.mtveddesse.de\/index.php?rest_route=\/wp\/v2\/pages"}],"about":[{"href":"https:\/\/www.mtveddesse.de\/index.php?rest_route=\/wp\/v2\/types\/page"}],"author":[{"embeddable":true,"href":"https:\/\/www.mtveddesse.de\/index.php?rest_route=\/wp\/v2\/users\/1"}],"replies":[{"embeddable":true,"href":"https:\/\/www.mtveddesse.de\/index.php?rest_route=%2Fwp%2Fv2%2Fcomments&post=157"}],"version-history":[{"count":8,"href":"https:\/\/www.mtveddesse.de\/index.php?rest_route=\/wp\/v2\/pages\/157\/revisions"}],"predecessor-version":[{"id":1849,"href":"https:\/\/www.mtveddesse.de\/index.php?rest_route=\/wp\/v2\/pages\/157\/revisions\/1849"}],"wp:attachment":[{"href":"https:\/\/www.mtveddesse.de\/index.php?rest_route=%2Fwp%2Fv2%2Fmedia&parent=157"}],"curies":[{"name":"wp","href":"https:\/\/api.w.org\/{rel}","templated":true}]}}